{"id":145,"date":"2023-01-23T16:10:07","date_gmt":"2023-01-23T16:10:07","guid":{"rendered":"http:\/\/berlin.guide24.berlin\/?page_id=145"},"modified":"2023-01-23T16:10:07","modified_gmt":"2023-01-23T16:10:07","slug":"startseite","status":"publish","type":"page","link":"https:\/\/guide24.berlin\/","title":{"rendered":"Doris Weinkauf \/ G\u00e4stef\u00fchrungen in Berlin und Potsdam"},"content":{"rendered":"\n<div class=\"is-layout-flex wp-container-2 wp-block-columns\">\n<div class=\"is-layout-flow wp-block-column\"><div class=\"wp-block-image is-style-rounded\">\n<figure class=\"aligncenter size-full\"><img decoding=\"async\" loading=\"lazy\" width=\"250\" height=\"250\" src=\"https:\/\/guide24.berlin\/wp-content\/uploads\/2023\/01\/cropped-doris-weinkauf-stadtfuehrungen-berlin-und-potsdam-1.jpg\" alt=\"\" class=\"wp-image-225\" srcset=\"https:\/\/guide24.berlin\/wp-content\/uploads\/2023\/01\/cropped-doris-weinkauf-stadtfuehrungen-berlin-und-potsdam-1.jpg 250w, https:\/\/guide24.berlin\/wp-content\/uploads\/2023\/01\/cropped-doris-weinkauf-stadtfuehrungen-berlin-und-potsdam-1-150x150.jpg 150w, https:\/\/guide24.berlin\/wp-content\/uploads\/2023\/01\/cropped-doris-weinkauf-stadtfuehrungen-berlin-und-potsdam-1-140x140.jpg 140w\" sizes=\"(max-width: 250px) 100vw, 250px\" \/><\/figure><\/div><\/div>\n<\/div>\n\n\n\n<p>Seit 1990 bin ich als freiberufliche und mittlerweile selbst\u00e4ndige G\u00e4stef\u00fchrerin erfolgreich und mit viel Engagement ( Der Kunde ist K\u00f6nig!) in Berlin und Potsdam sowie im Land Brandenburg t\u00e4tig.<\/p>\n\n\n\n<p>F\u00fcr G\u00e4ste aus dem In- und Ausland, aus Politik, Wirtschaft, Wissenschaft und Forschung, Schulen, Stiftungen, Reiseanbietern und f\u00fcr Familienfeiern biete ich meine umfangreichen und kurzweiligen Stadt\u00fchrungen an. Diese k\u00f6nnen zu Fu\u00df, per Rad, per Busbegleitung, per Limousinenservice oder auch auf dem Wasser \u2013 vom Wassertaxi bis zur Motoryacht \u2013 bedient werden. Also alles was \u201edas Herz begehrt\u201c!<\/p>\n\n\n\n<p>Nach Absprache, stelle ich Ihnen gerne eine \u201e<a href=\"http:\/\/berlin.guide24.berlin\/wunschtouren\/\" data-type=\"page\" data-id=\"111\">ma\u00dfgeschneiderte<\/a>\u201d Tour vor.<\/p>\n\n\n\n<p>Im Besitz der begehrten und aussagekr\u00e4ftigen Lizenzen des <a href=\"http:\/\/www.bvgd.org\/\" target=\"_blank\" rel=\"noreferrer noopener\">BVGD<\/a> darf ich Ihnen meine Dienste f\u00fcr folgende Themen f\u00fcr Berlin und Potsdam anbieten:<\/p>\n\n\n\n<p>Sanssouci, Neue Kammern, Bildergalerie, Orangerie, Neues Palais, Charlottenhof und R\u00f6mische B\u00e4der, Cecilienhof, Marmorpalais, Schloss Babelsberg, Belved\u00e9re auf dem Pfingsberg, Glienicke und Pfaueninsel, Schloss Charlottenburg Berlin, Neuer und Alter Fl\u00fcgel, Schloss Caputh und Villa Sch\u00f6ningen, Freunschaftsinsel-Potsdam<\/p>\n\n\n\n<p>Machen Sie Ihren Besuch in Berlin und Potsdam mit einer Stadtf\u00fchrung zu einem unvergesslichen Erlebnis!<\/p>\n\n\n\n<div class=\"is-layout-flex wp-container-4 wp-block-columns\">\n<div class=\"is-layout-flow wp-block-column\"><div class=\"wp-block-image\">\n<figure class=\"aligncenter size-full\"><img decoding=\"async\" loading=\"lazy\" width=\"250\" height=\"188\" src=\"https:\/\/guide24.berlin\/wp-content\/uploads\/2023\/01\/Logo_DINEN-2.png\" alt=\"\" class=\"wp-image-228\" srcset=\"https:\/\/guide24.berlin\/wp-content\/uploads\/2023\/01\/Logo_DINEN-2.png 250w, https:\/\/guide24.berlin\/wp-content\/uploads\/2023\/01\/Logo_DINEN-2-140x105.png 140w\" sizes=\"(max-width: 250px) 100vw, 250px\" \/><\/figure><\/div><\/div>\n<\/div>\n","protected":false},"excerpt":{"rendered":"<p>Seit 1990 bin ich als freiberufliche und mittlerweile selbst\u00e4ndige G\u00e4stef\u00fchrerin erfolgreich und mit viel Engagement ( Der Kunde ist K\u00f6nig!) in Berlin und Potsdam sowie im Land Brandenburg t\u00e4tig. F\u00fcr&hellip;<\/p>\n","protected":false},"author":1,"featured_media":0,"parent":0,"menu_order":0,"comment_status":"closed","ping_status":"closed","template":"","meta":[],"_links":{"self":[{"href":"https:\/\/guide24.berlin\/index.php?rest_route=\/wp\/v2\/pages\/145"}],"collection":[{"href":"https:\/\/guide24.berlin\/index.php?rest_route=\/wp\/v2\/pages"}],"about":[{"href":"https:\/\/guide24.berlin\/index.php?rest_route=\/wp\/v2\/types\/page"}],"author":[{"embeddable":true,"href":"https:\/\/guide24.berlin\/index.php?rest_route=\/wp\/v2\/users\/1"}],"replies":[{"embeddable":true,"href":"https:\/\/guide24.berlin\/index.php?rest_route=%2Fwp%2Fv2%2Fcomments&post=145"}],"version-history":[{"count":0,"href":"https:\/\/guide24.berlin\/index.php?rest_route=\/wp\/v2\/pages\/145\/revisions"}],"wp:attachment":[{"href":"https:\/\/guide24.berlin\/index.php?rest_route=%2Fwp%2Fv2%2Fmedia&parent=145"}],"curies":[{"name":"wp","href":"https:\/\/api.w.org\/{rel}","templated":true}]}}